.
-6
Let b(a) = -a**2 - 15*a - 29. Give b(-12).
7
Let n(g) = g**3 + g**2 + g + 33. Calculate n(0).
33
Let u(q) = 2*q**2 + 38*q + 34. What is u(-18)?
-2
Let m(l) = l**2 + 7*l - 32. What is m(-10)?
-2
Let c(n) = -2*n**2 - 89*n - 40. Give c(-44).
4
Let g(h) = h**2 - 9*h + 9. What is g(7)?
-5
Let l(z) = z**2 - 3*z - 5. Determine l(-6).
49
Let d(i) = i**2 - 2*i + 2. Give d(1).
1
Let h(y) = -y**3 + 47*y**2 - 172*y + 7. Determine h(43).
7
Let a(h) = h**3 + 4*h**2. Give a(-3).
9
Let s(b) = b**2 - 16*b - 28. What is s(16)?
-28
Let i(u) = 6*u + 24. Give i(-2).
12
Let y(i) = i**2 + 71. What is y(0)?
71
Let o(w) = 4*w**2 + 30*w + 5. Calculate o(-8).
21
Let w(k) = -k**3 + 9*k**2 + 13*k + 3. Calculate w(10).
33
Let n(v) = v**2 - 4*v - 4. Determine n(0).
-4
Let m(y) = -2*y**2 + 3*y - 4. Calculate m(3).
-13
Let p(j) = j**3 - 13*j**2 - 17*j + 35. Calculate p(14).
-7
Let z(q) = 3*q**3 - 5*q**2 - 12*q - 2. Give z(-2).
-22
Let h(g) = -12*g - 1. Determine h(5).
-61
Let x(w) = 2*w**2 + 8*w + 3. Calculate x(-7).
45
Let m(s) = -s**2 + 10*s - 26. What is m(9)?
-17
Let y(w) = -w**2 - 18*w - 7. Calculate y(-18).
-7
Let d(j) = -86*j - 2659. Calculate d(-31).
7
Let g(u) = u**3 + 6*u**2 - 6*u - 10. Determine g(-4).
46
Let g(f) = 2*f**3 + 41*f**2 + 20*f - 1. Give g(-20).
-1
Let w(i) = -i**2 - 8*i - 3. What is w(-3)?
12
Let m(z) = -z**2 + 15*z - 15. Determine m(15).
-15
Let s(h) = -h**2 - 18*h + 4. Give s(-19).
-15
Let u(k) = 5*k + 8. Determine u(-2).
-2
Let c(r) = 9*r + 35. Give c(-5).
-10
Let v(k) = k**2 - 24*k - 103. Give v(28).
9
Let y(c) = 3*c + 139. Calculate y(-49).
-8
Let n(a) = 5*a**2 + 24*a + 13. Give n(-4).
-3
Let t(j) = 3*j**2 - 9*j - 1. Give t(3).
-1
Let a(s) = -2*s**2 - 14*s + 48. Calculate a(-13).
-108
Let s(h) = -h**3 - 4*h**2 + 4*h + 1. Calculate s(-3).
-20
Let b(f) = -f - 7. Calculate b(-12).
5
Let r(n) = -5*n - 18. Give r(5).
-43
Let p(r) = -r**3 + 15*r**2 - 13*r - 11. What is p(14)?
3
Let u(k) = 2*k - 13. What is u(9)?
5
Let r(z) = -z**2 + 5*z + 3. Determine r(3).
9
Let b(m) = m**3 - 3*m**2 + m - 1. Give b(3).
2
Let p(b) = 5*b. Determine p(-6).
-30
Let m(o) = -o**3 + 16*o**2 - 26*o - 26. What is m(14)?
2
Let i(w) = 6*w - 279. Give i(48).
9
Let i(d) = -d**3 - 13*d**2 + 12*d - 12. What is i(-14)?
16
Let l(y) = 3*y**2 + 66*y - 28. Give l(-22).
-28
Let c(y) = -y**2 + 12*y - 7. What is c(14)?
-35
Let b(r) = r**3 + 30*r**2 - 30*r + 39. What is b(-31)?
8
Let n(t) = -37*t**2 + 2*t - 1. Calculate n(1).
-36
Let l(c) = c**2 - 13*c - 9. Determine l(5).
-49
Let s(y) = y**2 + 9*y - 10. Calculate s(-9).
-10
Let f(p) = -p**3 - 13*p**2 - 30*p - 84. Determine f(-11).
4
Let k(x) = 17*x + 198. Give k(-11).
11
Let v(x) = 3*x**2 - 81*x + 5. What is v(27)?
5
Let s(m) = 2*m**3 + 2*m**2 - m - 3. Determine s(2).
19
Let c(a) = 3*a**2 + 21*a - 29. Calculate c(-8).
-5
Let u(n) = -6*n + 50. What is u(9)?
-4
Let m(x) = 29*x + 7. Calculate m(-3).
-80
Let o(l) = -l**3 - 12*l**2 - 27*l - 17. Calculate o(-7).
-73
Let c(h) = -8*h - 20. Give c(7).
-76
Let f(g) = 3*g**2 + 11*g. What is f(-4)?
4
Let q(a) = -8*a**3 + a - 2. Calculate q(-2).
60
Let l(v) = -7*v - 434. Determine l(-63).
7
Let f(k) = -k**2 + 15*k + 4. Calculate f(15).
4
Let r(c) = c**3 + 14*c**2 - 2. Determine r(-14).
-2
Let f(z) = -z**2 - 13*z + 9. Calculate f(-13).
9
Let h(x) = -x**3 + 3*x**2 + x - 1. Calculate h(5).
-46
Let w(m) = -2*m**3 + 8*m**2 + 9*m + 14. Determine w(5).
9
Let m(x) = -x**2 - 42*x - 243. Determine m(-35).
2
Let t(h) = -h**2 + 8*h - 6. What is t(6)?
6
Let a(y) = -y**3 - 2*y**2 + 2*y - 2. Give a(-4).
22
Let n(m) = 6*m - 116. Determine n(21).
10
Let o(g) = -g - 4. What is o(-6)?
2
Let o(k) = 16*k + 1. What is o(1)?
17
Let k(a) = -a**2 - 16*a + 2. Determine k(-16).
2
Let j(g) = -g**2 + 14*g - 25. Calculate j(11).
8
Let x(w) = -w**2 - 14*w - 40. Calculate x(-11).
-7
Let w(b) = -b**3 - 21*b**2 + b + 14. What is w(-21)?
-7
Let b(d) = 2*d - 6. Determine b(0).
-6
Let r(y) = 2*y**2 + 18*y + 8. Give r(0).
8
Let o(y) = -5*y + 40. Determine o(12).
-20
Let b(o) = o**3 + 3*o**2 - o - 8. Determine b(0).
-8
Let s(v) = -v**3 - 5*v**2 + 7*v + 1. What is s(-6)?
-5
Let c(q) = -q**3 + 14*q**2 + 13*q + 33. Give c(15).
3
Let t(l) = 4*l**2 + 2*l. Calculate t(2).
20
Let t(q) = 2*q + 49. What is t(-24)?
1
Let r(w) = w + 5. Calculate r(6).
11
Let c(z) = -z**3 - 10*z**2 + 13*z + 21. Give c(-11).
-1
Let p(g) = g**2 + 16*g - 68. Give p(-20).
12
Let v(n) = -n**2 + 2*n + 2. Calculate v(4).
-6
Let a(u) = 6*u**2 + 94*u + 58. Calculate a(-15).
-2
Let a(c) = -c**3 - 7*c**2 - 6*c - 7. Give a(-6).
-7
Let d(c) = -2*c**2 - 26*c - 19. Give d(-12).
5
Let w(c) = -c**2 - c - 2. Calculate w(-1).
-2
Let u(l) = -3*l - 13. Determine u(7).
-34
Let d(x) = -4*x + 17. Give d(3).
5
Let m(g) = g. Calculate m(3).
3
Let q(u) = u**3 - 5*u**2 + 9*u - 19. Give q(7).
142
Let c(s) = 10*s - 32. Calculate c(12).
88
Let o(k) = 3*k - 98. Determine o(37).
13
Let k(o) = -13*o + 168. What is k(17)?
-53
Let n(j) = -j**3 + 15*j**2 - j - 1. Determine n(0).
-1
Let v(o) = o**3 + 17*o**2 + o + 33. Calculate v(-17).
16
Let b(a) = 10*a - 30. What is b(3)?
0
Let h(m) = -m**3 + 6*m**2 - 3*m + 1. Give h(5).
11
Let p(i) = i**3 + 6*i**2 - 8*i - 7. Give p(-7).
0
Let q(r) = r - 11. What is q(-8)?
-19
Let k(c) = -c - 5. Give k(0).
-5
Let c(s) = 3*s**2 + 2*s + 3. Determine c(3).
36
Let b(o) = -12*o + 10. Give b(-6).
82
Let w(a) = 2*a - 25. Determine w(15).
5
Let w(h) = -h**3 - 7*h**2 - 9*h - 4. What is w(-4)?
-16
Let t(k) = -k**3 - 8*k**2 - 10*k - 20. Give t(-8).
60
Let j(c) = -c**2 - 3*c + 4. What is j(-4)?
0
Let m(b) = 3*b**2 - 31*b + 12. Calculate m(9).
-24
Let x(r) = 16*r**3 + 3*r**2 - 3*r. Calculate x(1).
16
Let h(r) = r**2 - 3*r - 3. Determine h(6).
15
Let s(m) = -m**2 + 12*m - 10. What is s(8)?
22
Let g(y) = -y**2 - 14*y + 135. Calculate g(6).
15
Let u(o) = -5*o + 3. What is u(1)?
-2
Let h(w) = 3*w + 3. Calculate h(1).
6
Let k(g) = g**2 + 3*g - 13. Calculate k(0).
-13
Let k(z) = 14*z**3 + z + 1. Determine k(-1).
-14
Let r(o) = o**2 + 9*o - 6. What is r(-9)?
-6
Let n(p) = -9*p - 3. Determine n(5).
-48
Let q(v) = v**2 - 5*v - 16. Calculate q(8).
8
Let z(l) = -l + 17. Give z(9).
8
Let a(k) = 3*k**2 - 7*k. Calculate a(6).
66
Let f(k) = -k**2 - 14*k + 1. What is f(-14)?
1
Let w(y) = -9*y + 9. Determine w(2).
-9
Let l(g) = -11*g - 204. Determine l(-19).
5
Let w(m) = 3*m**2 + 3*m - 1. Determine w(2).
17
Let t(k) = -k**3 - 24*k**2 + 2*k + 17. Determine t(-24).
-31
Let a(t) = 2*t - 2. What is a(0)?
-2
Let i(f) = -7*f**2 + 16*f - 10. Give i(1).
-1
Let z(s) = -4*s**3 + 124*s**2 + s - 20. Calculate z(31).
11
Let s(t) = t**2 - 18*t - 24. Give s(19).
-5
Let c(x) = 7*x - 134. What is c(16)?
-22
Let i(r) = 4*r**3 - r**2 - 2. Give i(-2).
-38
Let o(j) = j**3 - 25*j**2 - 27*j + 56. Calculate o(26).
30
Let j(h) = -h**2 + 13*h + 69. Determine j(17).
1
Let s(l) = 14*l + 9. Give s(-3).
-33
Let i(f) = -31*f + 170. Calculate i(5).
15
Let s(n) = n**3 + 9*n**2 + 2*n - 9. What is s(-8)?
39
Let s(x) = x**3 - 9*x**2 - 94*x - 15. Give s(-6).
9
Let w(z) = z**3 - 6*z**2 - z + 5. Give w(6).
-1
Let o(v) = -5*v + 5. Give o(-4).
25
Let a(f) = f**3 - 7*f**2 + 2*f - 3. Determine a(7).
11
Let g(k) = k**2 + 9*k - 5. What is g(-7)?
-19
Let j(q) = 2*q - 8. What is j(8)?
8
Let u(m) = 3*m**3 - 4*m**2 + 5*m - 4. Give u(2).
14
Let i(v) = -4*v - 38. Calculate i(-8).
-6
Let g(c) = c**3 + 3*c**2 + c + 2. Determine g(-2).
4
Let u(o) = -5*o. What is u(-1)?
5
Let y(w) = 9*w - 2. What is y(6)?
52
Let t(d) = d**2 - 10*d - 15. What is t(-2)?
9
Let y(i) = i**2 - 13*i + 30. Give y(4).
-6
Let o(j) = 23*j - 134. What is o(6)?
4
Let q(s) = 2*s**2 + 36*s + 13. What is q(-18)?
13
Let y(p) = 6*p**3 - 3*p - 1. Determine y(-2).
-43
Let r(i) = 2*i**2 + 2*i + 2. Give r(-5).
42
Let t(n) = -35*n - 8. Give t(-4).
132
Let n(j) = -j**3 - 9*j**2 - 4*j - 3. What is n(-8)?
-35
Let n(c) = -c**3 + 14*c**2 + 15*c - 11. What is n(15)?
-11
Let p(h) = h + 4. What is p(-2)?
2
Let q(w) = w**3 - 12*w**2 + 9*w - 6. Determine q(11).
-28
Let i(w) = w**3 + 69*w**2 - 66*w + 296. Determine i(-70).
16
Let x(d) = 5*d + 90. Determine x(-21).
-15
Let a(h) = -h - 8. Calculate a(6).
-14
Let l(h) = -13*h + 84. Give l(8).
-20
Let c(m) = -m**2 + 8*m + 9. Determine c(11).
-24
Let u(t) = -t**2 - t + 17. Determine u(-9).
-55
Let k(i) = i**3 + 6*i**2 + 5*i. What is k(-4)?
12
Let q(b)